. Calculate r(8).
11
Let u(k) = -2*k - 2. Suppose -5*w + 2 = -13. Let f(l) = 1. Let m(j) = w*f(j) - u(j). Suppose 50*r - 158 - 92 = 0. Give m(r).
15
Let w(v) = v**3 - v**2 + v + 6. Suppose -5*z - 53 = -2*p, 4*p - 9*p + 110 = -5*z. Suppose 0 = -p*q - 6 + 6. Determine w(q).
6
Let j(f) = -f**2 - 6*f + 10. Let q(z) = 11*z**2 - 160*z - 81. Let y be q(15). Give j(y).
10
Let o(b) = -b**3 + 7*b**2 + 8*b + 5. Let f(h) = -9*h - 168. Let k(n) = -8*n - 168. Let r(x) = 3*f(x) - 2*k(x). Let w be r(-16). Calculate o(w).
5
Let c(j) = -j**3 - 3*j**2 + j - 5. Let o be 20*-1*(-6)/10. Suppose 0 = o*t - 8*t. Suppose -2*d + 4*d + 8 = t. What is c(d)?
7
Let t(z) be the first derivative of -z**3/3 - 5*z**2/2 - 303*z - 159. Let d(f) be the first derivative of t(f). Calculate d(5).
-15
Let o(z) = 7*z - 1 + 15*z + 10*z + 9*z - 55*z. Give o(2).
-29
Let u(q) = q**3 + 3*q**2 - 6*q - 6. Let c be 0 + (-25)/(-5) - (-2 - -3). Suppose -5*v = 5*a + 20, -c*v - 16 = -10*a + 5*a. Give u(v).
2
Let j(m) = m**3 + 2*m**2 - 1. Let t(h) = -h**3 + 29*h**2 - 81*h + 77. Let s be t(26). What is j(s)?
0
Let d(w) = 369*w + 89 - 183*w - 187*w - 79. Calculate d(-22).
32
Let r(v) = 28*v + 0*v**2 + 2 + v + v**2 - 14*v - 11*v. Let h be (-1 - 1)*(-2 + 4). Give r(h).
2
Let u = -156 + 31. Let w = -117 - u. Let q(g) = g**3 - 7*g**2 - 9*g - 11. Give q(w).
-19
Suppose 536*d - 12 = 535*d. Let g(z) = d*z + 27 + 6*z - 20*z. Determine g(11).
5
Let o(a) = a**2 - 4*a + 1. Let n be o(2). Let g be (-1)/(6 + (-35)/6). Let z = g - n. Let l(s) = -s**2 + s + 4. Calculate l(z).
-8
Let k = 20063 + -20090. Let a(h) = -5*h - 148. Determine a(k).
-13
Let l(c) = c + 288 - 189 - 51 - 51. Let i = 13 - 9. Calculate l(i).
1
Let l(m) = -m**2 + 12*m + 21. Suppose 4*z = -4*c + 79 - 47, 5*z = 2*c + 82. Give l(z).
-7
Let r = 68 - 75. Let o(t) be the second derivative of -t**5/20 - t**4/2 + t**3 - 9*t**2/2 + 189*t. What is o(r)?
-2
Let s(y) = 2*y**2 - y**2 - 9 + 8 + 8*y**2. Let n be s(-1). Let d(q) = -q + 8. Give d(n).
0
Let i(a) = 8*a**2 + 286*a - 72. Let y be i(-36). Let o(s) = -s**3 + 3*s**2 + s - 25. Give o(y).
-25
Let o(w) = -6*w**2 - 54*w + 101. Let y(n) = n**2 + 11*n - 20. Let l(c) = -2*o(c) - 11*y(c). Suppose 11*b + 4*t = 14*b - 28, 5*b + 8*t = 76. Calculate l(b).
6
Let v be 27/21 + 3/(-21)*2. Let f(b) be the first derivative of -11*b**2/2 + b + 37. Give f(v).
-10
Let m(g) be the first derivative of g**4/4 - g**3/3 - g**2/2 + 4*g + 5. Suppose 21*r + 10 = 52. Suppose -5 - 1 = -r*t. What is m(t)?
19
Let v be 1/(-4) + 21/4. Let n(c) = 49*c + 92277*c**2 - 42*c - 6 - 92278*c**2. What is n(v)?
4
Let m(x) = -x**2 - 29*x + 203. Suppose 29*z + 2048 - 1033 = 0. Calculate m(z).
-7
Let n(y) be the second derivative of -y**3/3 - 3*y**2/2 + 2*y. Let b(l) = -1 - 3 + 129*l - 130*l. Let k(q) = -3*b(q) + 2*n(q). Calculate k(4).
2
Let s(m) be the third derivative of m**6/120 - m**5/30 - m**4/4 - 5*m**3/6 + 2*m**2 + 7*m - 13. Calculate s(4).
3
Let a(j) be the second derivative of -j**4/12 - 13*j**3/3 + 5*j**2/2 - j + 1548. Determine a(0).
5
Let p(n) be the first derivative of -5/2*n**2 - 1/3*n**3 + 7*n + 38. Determine p(-5).
7
Let b(j) = -1019*j + 1039*j + 157 - 91. Calculate b(-3).
6
Let a(t) = -5*t**2 - 27*t - 5. Let m(w) = -3*w**2 - 8*w - 1. Let y(o) = -2*o**2 - o. Let n(l) = -m(l) + y(l). Let d(f) = 2*a(f) + 9*n(f). What is d(4)?
19
Suppose -4*n = 2*n - 12. Let p(a) = 3 - 7*a**2 + 5*a**2 + 4*a + a**n - a**3 - 2*a**2. Let j = 37 - 40. Calculate p(j).
-9
Let y(d) be the second derivative of -d**5/20 - d**4/12 + 5*d**3/2 - 3*d**2/2 - 7135*d. Give y(-5).
22
Let q(y) = -y**2 - 3. Let c(k) = -3*k**2 + k - 3. Let i(u) = 2*c(u) - 3*q(u). Let a(s) be the first derivative of i(s). What is a(4)?
-22
Let u = -63 + -65. Let l = u - -119. Let b(y) = y**3 + 11*y**2 + 17*y - 5. Determine b(l).
4
Let d(m) = -m**3 + 22*m**2 + 25*m - 33. Let p be d(23). Suppose 0 = -y + z - 3, 5*y + p = 4*z + 3. Let x(r) = 3*r**2 - r - 1. Determine x(y).
9
Let f = 160169 - 160171. Let p(i) = 2 - 19*i + 6*i - 7*i. Give p(f).
42
Suppose -329*i + 330*i - 17 = 0. Suppose -5*j - 3*a + 59 = 0, j + a = 3*a + i. Let m(w) = -w**3 + 12*w**2 + 15*w - 17. What is m(j)?
9
Let o(r) = r**3 - 15*r**2 - 35*r + 27. Let w(u) = -92*u + 1029. Let y be w(11). Calculate o(y).
10
Let a = 9941 + -9942. Let c(d) = 7*d**2 - 6*d - 5. Give c(a).
8
Let g(q) = -62*q - 2. Let y be g(0). Let a(d) = 2*d**2 - 1 - 1 + 9*d**3 - 4*d**3. Determine a(y).
-34
Let g(o) = -7*o + 19. Let k = -789 - -800. Let h be k + (4 - 8)*2. Give g(h).
-2
Let b(z) = z**2 + 18*z + 31. Let y be b(-38). Let m = y - 786. Let j(n) = -2*n + 12. Calculate j(m).
2
Let g(f) be the first derivative of -2*f**2 - 7*f + 279. Suppose -12*x = 9*x + 210. Give g(x).
33
Let b(c) = -5*c**3 + c**2 + c + 5. Let p(k) = -2916*k**3 + 2915*k**3 - 2*k**2 + 1 + k**2. Let j(x) = b(x) - 6*p(x). What is j(-7)?
-8
Let j be 8/((-40)/(-1035)) + 0/(-3). Let v = j - 207. Let o(f) = f**3 + 24. Give o(v).
24
Let z(v) = -v + 31124*v**3 + 5*v**2 - 11*v - 6 + 5*v**2 - 31125*v**3. Suppose -4*y = 5*i + 1 - 17, 0 = 3*y + 5*i - 7. Calculate z(y).
-33
Let k = 258 - 259. Let f(b) = -b. Let m(x) = 2*x - 1. Let h(n) = k*f(n) - m(n). Determine h(7).
-6
Let h(o) = 4*o + 93. Suppose 33*s + k = 37*s + 96, s + 3*k = -37. Determine h(s).
-7
Suppose -301 - 77 = -9*p - 54*p. Let d(n) = -9*n + 41. What is d(p)?
-13
Let k = 29 + -16. Let o(p) = -40*p - 6. Let v(s) = -41*s + 1. Let y(j) = o(j) - v(j). What is y(k)?
6
Let o(r) = r**2 + 19*r - 19. Let s be o(-20). Let a be (-54)/(-12)*-2*s. Let v(c) = -c - 9. Give v(a).
0
Suppose -43*y = 5 - 177. Let b(z) be the third derivative of z**4/12 - 2*z**3 - 4*z**2. Give b(y).
-4
Let n(s) = 25*s - s**3 + 7 - 6*s**2 - 14*s - s. Suppose o + 5*x = 13, -8*x + 13*x = -3*o - 1. Determine n(o).
-14
Suppose 5*a + 90 = 2*o, -56*a + 53*a + 2*o - 58 = 0. Let t(h) = -h**3 - 17*h**2 - 16*h + 10. Determine t(a).
10
Let l(f) be the first derivative of -f**4 - 2*f**3/3 - 2*f**2 - 5*f + 571. Give l(-2).
27
Let t(p) = -p**2 + 4*p - 21. Let v be -6 - (1/(-6) - 2759/186). Give t(v).
-66
Suppose -r = 4*r + 10. Let i(n) = 2*n + 107. Let x(q) = -14*q - 644. Let g(o) = -6*i(o) - x(o). What is g(r)?
-2
Suppose 5*l - 5*w + 0*w = 10, 2*l + 2 = 5*w. Let d(u) = -u**2 + 3*u + 6 + l*u - 4*u - 5*u. Let p be d(-3). Let v(z) = z**2 + 2*z - 4. Give v(p).
11
Let f = -18 + 9. Let q(w) be the third derivative of w**5/60 + 7*w**4/24 - 11*w**3/6 + 1195*w**2. What is q(f)?
7
Suppose 4*w + 9 = 25. Suppose o = 0, -3*o + 27 + 1 = -w*j. Let c(r) be the second derivative of r**5/20 + 7*r**4/12 + 3*r**2 - r. Give c(j).
6
Let c(m) = m**3 - 6*m**2 - 7*m + 5. Let p(d) = -3 - d - 10*d + 55*d**2 - 56*d**2. Let o be p(-10). Suppose -4*a = -5*a + o. Determine c(a).
5
Let x(v) be the first derivative of v**6/360 + v**5/30 - v**4/24 + 10*v**3/3 + v**2 + 114. Let s(d) be the third derivative of x(d). Determine s(-6).
11
Let m(y) be the second derivative of y**4 - 2*y**3/3 + 3*y**2/2 - 43*y - 21. Calculate m(1).
11
Let w(t) = -t**3 - 5*t**2 - 7*t - 4. Let g(n) = n**3 - 8*n**2 + 5*n + 10. Let y(h) = -h**2 - 9*h - 13. Let u be y(-4). Let x be g(u). Determine w(x).
8
Suppose -268*z - 5907 = -89*z. Let b(o) = -o**2 - 31*o + 78. Determine b(z).
12
Let c = 92 - 37. Let p = c + -12. Suppose -p + 55 = -4*w. Let i(u) = u. What is i(w)?
-3
Let r(t) = -149*t - 153*t - 152*t + 459*t. Calculate r(0).
0
Suppose 5*o = -0*o - 4*f + 759, -3*o + 4*f = -449. Let m be 153 + -1 - (-14 - -15). Let u(r) = -r - r - m + o. Give u(-1).
2
Let d(r) = -2*r - 3*r + 6*r + 21. Suppose 2*t + 10*a - 5*a - 17 = 0, 2*a - 32 = t. What is d(t)?
7
Let m(c) = -c**3 - 2*c**2 - 23*c - 39. Let q be m(-2). Let l(i) = 9*i - 11. Determine l(q).
52
Let o(i) be the first derivative of -20*i**2 - 652*i + 13961. Calculate o(-16).
-12
Let l(b) = -5 + 2*b - 4 - b + 4*b. Let p be l(5). Let g(v) = -7*v - p*v + 26*v - 19*v. Give g(1).
-16
Let r = 2 - 0. Let t(x) be the third derivative of -x**5/20 + x**4/8 - x**3/2 - 76834*x**2. What is t(r)?
-9
Let k(z) be the first derivative of -z**3/3 + 8*z**2 + 293*z + 8224. Determine k(27).
-4
Let j(s) be the first derivative of s**4/4 - 8*s**3/3 - 11*s**2/2 + 11*s - 11. Suppose 142*k - 1388 = -110. Determine j(k).
-7
Let x = 11 + -2. Let n(d) = 76*d + 97*d + 18 - 174*d. What is n(x)?
9
Suppose c - 5 = -3. Let a be 